7, 19, 12211
What are the prime factors of 3094564682?
2, 11, 140662031
What are the prime factors of 11248893?
3, 19, 157, 419
What are the prime factors of 76721586?
2, 3, 1861, 6871
What are the prime factors of 8652965?
5, 109, 15877
What are the prime factors of 40837078?
2, 47, 434437
List the prime factors of 154268418.
2, 3, 73, 569, 619
List the prime factors of 1827037627.
47, 38873141
What are the prime factors of 791988?
2, 3, 31, 2129
What are the prime factors of 4716079020?
2, 3, 5, 109, 240371
List the prime factors of 203496809.
89, 2286481
List the prime factors of 386902092.
2, 3, 19, 233, 7283
What are the prime factors of 420521291?
18251, 23041
List the prime factors of 1294457291.
1294457291
What are the prime factors of 35004702?
2, 3, 5834117
List the prime factors of 311150258.
2, 71, 2191199
List the prime factors of 4788121176.
2, 3, 66501683
List the prime factors of 13867607.
13, 397, 2687
What are the prime factors of 1256129800?
2, 5, 881, 7129
List the prime factors of 248949802.
2, 17, 430709
List the prime factors of 333512662.
2, 7, 19, 557, 2251
What are the prime factors of 246675506?
2, 7, 11, 23, 9949
List the prime factors of 100927005.
3, 5, 6728467
What are the prime factors of 3127076114?
2, 1563538057
What are the prime factors of 73789198?
2, 7, 19, 23, 1723
List the prime factors of 466353080.
2, 5, 107, 108961
What are the prime factors of 1386363302?
2, 693181651
What are the prime factors of 45562767?
3, 41, 83, 4463
What are the prime factors of 6634075214?
2, 13, 255156739
List the prime factors of 129046969.
887, 145487
List the prime factors of 256390412.
2, 64097603
What are the prime factors of 43979802?
2, 3, 7329967
List the prime factors of 654259877.
173, 3781849
What are the prime factors of 42855866?
2, 2113, 10141
What are the prime factors of 18825515?
5, 61, 61723
What are the prime factors of 37870341?
3, 12623447
What are the prime factors of 217164961?
13, 3271, 5107
What are the prime factors of 5424773606?
2, 7, 23, 911, 18493
List the prime factors of 4098975281.
17, 241116193
List the prime factors of 574212479.
574212479
List the prime factors of 215736762.
2, 3, 43, 836189
What are the prime factors of 5816168134?
2, 7, 137, 1423, 2131
What are the prime factors of 166467098?
2, 7, 11890507
List the prime factors of 214622308.
2, 109, 492253
List the prime factors of 53943798.
2, 3, 179, 50227
List the prime factors of 176281953.
3, 311, 188941
List the prime factors of 688928785.
5, 29, 881, 5393
List the prime factors of 129013053.
3, 13, 3308027
What are the prime factors of 426781862?
2, 13, 16414687
List the prime factors of 288431156.
2, 13, 5546753
List the prime factors of 217318240.
2, 5, 59, 23021
What are the prime factors of 481723760?
2, 5, 7, 41, 20981
List the prime factors of 131885866.
2, 7, 761, 12379
List the prime factors of 209819156.
2, 23, 37, 53, 1163
What are the prime factors of 9007229?
7, 11, 17, 983
List the prime factors of 32016688.
2, 11, 181913
List the prime factors of 54381408.
2, 3, 109, 5197
List the prime factors of 191835969.
3, 13, 4918871
What are the prime factors of 258009234?
2, 3, 7, 1063, 5779
What are the prime factors of 820733445?
3, 5, 7, 37, 23473
What are the prime factors of 3621824923?
3621824923
What are the prime factors of 165670114?
2, 82835057
What are the prime factors of 359844939?
3, 39982771
List the prime factors of 7783312894.
2, 7, 47, 107, 227, 487
List the prime factors of 44305275.
3, 5, 7, 84391
What are the prime factors of 20511615?
3, 5, 31, 44111
List the prime factors of 118269108.
2, 3, 47, 69899
What are the prime factors of 166238041?
79, 193, 10903
List the prime factors of 27265007.
7, 11, 354091
What are the prime factors of 65286935?
5, 7, 1865341
List the prime factors of 98142100.
2, 5, 7, 20029
List the prime factors of 128042634.
2, 3, 19, 1123181
What are the prime factors of 2902940091?
3, 6311, 51109
What are the prime factors of 12609943?
317, 39779
List the prime factors of 1652921588.
2, 23, 3853, 4663
List the prime factors of 44357643.
3, 11, 448057
What are the prime factors of 29232905?
5, 13, 43, 10459
List the prime factors of 97916080.
2, 5, 397, 3083
List the prime factors of 3817304972.
2, 13, 19, 203351
List the prime factors of 281921987.
3041, 92707
List the prime factors of 2449601053.
769, 3185437
What are the prime factors of 956104?
2, 119513
List the prime factors of 152936.
2, 7, 2731
List the prime factors of 114967801.
13, 8843677
What are the prime factors of 2582820992?
2, 1409, 14321
What are the prime factors of 141850203?
3, 11, 31, 138661
List the prime factors of 1060270903.
71, 14933393
What are the prime factors of 699180601?
7, 19, 37, 47, 3023
What are the prime factors of 435693507?
3, 145231169
What are the prime factors of 418305714?
2, 3, 69717619
What are the prime factors of 18350339?
7, 2621477
List the prime factors of 29709531.
3, 1100353
List the prime factors of 493330954.
2, 149, 1655473
List the prime factors of 1451784027.
3, 79, 6125671
What are the prime factors of 4266825323?
659, 6474697
List the prime factors of 425402419.
13, 19, 1109, 1553
What are the prime factors of 66600314?
2, 11, 3027287
List the prime factors of 1224126212.
2, 199, 1537847
What are the prime factors of 3854396904?
2, 3, 31, 67, 77323
What are the prime factors of 3409668160?
2, 5, 10655213
What are the prime factors of 308702881?
17, 421, 43133
List the prime factors of 325977279.
3, 197, 551569
List the prime factors of 77667406.
2, 47, 641, 1289
What are the prime factors of 131167434?
2, 3, 21861239
What are the prime factors of 213748387?
213748387
List the prime factors of 14736500.
2, 5, 29473
What are the prime factors of 34716528?
2, 3, 7, 11, 31, 101
List the prime factors of 243771577.
7, 19, 37, 49537
List the prime factors of 94144191.
3, 211, 148727
What are the prime factors of 285748000?
2, 5, 71437
List the prime factors of 71041561.
29, 41, 149, 401
List the prime factors of 3953156.
2, 293, 3373
What are the prime factors of 10125681?
3, 23, 146749
What are the prime factors of 192802985?
5, 71, 379, 1433
What are the prime factors of 1543135943?
7681, 200903
List the prime factors of 9813821.
211, 46511
List the prime factors of 381275169.
3, 11, 31, 59, 6317
What are the prime factors of 31060963?
59, 8923
List the prime factors of 4026531308.
2, 1367, 736381
List the prime factors of 2694563119.
10859, 248141
What are the prime factors of 568739681?
568739681
List the prime factors of 187411347.
3, 661, 10501
List the prime factors of 1608930512.
2, 7, 73, 307, 641
List the prime factors of 1188862949.
281, 397, 10657
List the prime factors of 25705488.
2, 3, 67, 7993
List the prime factors of 39404260.
2, 5, 7, 37, 7607
List the prime factors of 100234678.
2, 311, 161149
List the prime factors of 75252162.
2, 3, 61, 205607
List the prime factors of 494545258.
2, 743, 332803
List the prime factors of 50939382.
2, 3, 13, 659, 991
List the prime factors of 358650829.
358650829
List the prime factors of 5314232850.
2, 3, 5, 71, 498989
List the prime factors of 250123622.
2, 7, 1229, 14537
What are the prime factors of 79778287?
43, 193, 9613
What are the prime factors of 408223704?
2, 3, 7, 347129
What are the prime factors of 613111737?
3, 7, 29195797
What are the prime factors of 3104106?
2, 3, 19, 73, 373
List the prime factors of 137451331.
4451, 30881
What are the prime factors of 113686795?
5, 163, 139493
List the prime factors of 614777946.
2, 3, 19, 283831
List the prime factors of 6916518.
2, 3, 7, 17, 3229
List the prime factors of 4922224865.
5, 41, 1697, 14149
List the prime factors of 153900469.
153900469
What are the prime factors of 100968192?
2, 3, 13, 3371
What are the prime factors of 3560597536?
2, 347, 320659
List the prime factors of 122535338.
2, 3361, 18229
List the prime factors of 313288421.
29, 41, 263489
What are the prime factors of 1674596255?
5, 19, 883, 19963
List the prime factors of 111011736.
2, 3, 11, 420499
What are the prime factors of 301852079?
301852079
List the prime factors of 1159222100.
2, 5, 47, 246643
What are the prime factors of 228273195?
3, 5, 17, 895189
List the prime factors of 1385